 What is the ten thousands digit of p?
1
Suppose -1854 = -4*t - 3*c, -5*t + 2*c = 5*c - 2316. Suppose 0 = 5*m - t - 763. What is the units digit of m?
5
Suppose 2546 = p - 4*y - 944, 5*p - 17525 = 5*y. Suppose -16*u = -3*u - p. What is the hundreds digit of u?
2
What is the thousands digit of (-113)/((-6)/9 - -1 - 629/1554)?
1
Suppose -24*v = 207 + 129. What is the hundreds digit of v/(-7) + -7 + 425?
4
What is the tens digit of 20/8 + (-7 - (-27022)/4)?
5
Suppose -86144 = -5*h - 2*i + 289864, -4*h = -i - 300822. What is the units digit of h?
4
Let p(n) = -4*n**2 - 4*n + 3. Let c be p(4). Let u = c - -1513. What is the thousands digit of u?
1
Suppose -r + 41 = 37. Suppose -4*q + r + 0 = 0, -4*x + 5*q = -907. What is the tens digit of x?
2
Let j(b) be the second derivative of 21/2*b**3 + 0 - 3*b - 11*b**2. What is the units digit of j(3)?
7
Let v be 2/5 + 2485/(-25). Let x = v - -105. Suppose x*c - 613 + 13 = 0. What is the units digit of c?
0
Suppose 17 - 3 = -3*x - b, -5*b = -20. What is the units digit of 589 - x/24*4?
0
Let g(y) = 9*y**3 + 18*y**2 - 43*y + 69. What is the hundreds digit of g(16)?
8
Let l be (-100)/(-15) + (-4)/6. Suppose w - l = -5. What is the tens digit of (-239 + 3)*(0 - w/4)?
5
Suppose -g - 8 + 13 = 0, 32 = -4*t + 4*g. What is the units digit of (t + 0 - -6) + 118?
1
Let q = -114 - -139. Suppose q*m = 26*m - 580. What is the units digit of m?
0
Suppose -2 = -2*j - 2*l, j - 4*l + 6 = 2. Suppose -4*c + 2*g + 708 = j, 872 = 5*c + 12*g - 8*g. What is the hundreds digit of c?
1
Let v(w) = -2493*w - 155. What is the units digit of v(-3)?
4
Let r(n) = -65*n**3 - 10*n**2 + 14*n - 10. Let a(j) = 98*j**3 + 15*j**2 - 21*j + 15. Let g(w) = -5*a(w) - 8*r(w). What is the tens digit of g(2)?
5
Let g = 32 - 31. What is the hundreds digit of (12/(-48))/(g/(-3940))?
9
Let a be (-4*9/(-12))/(-1). Let b be (-1)/6*a*-1*2. What is the tens digit of -4 + 4 + (66 - b)?
6
Let w(k) = -88*k - 16. Let n be w(-12). Suppose n = 2*q + 238. What is the units digit of q?
1
Let t = -2213 - -1113. Let q = 146 + t. What is the units digit of 1/4 - q/24?
0
Let b = 77 - 77. Suppose -s + 2*v + 140 = -b*v, 436 = 3*s - 2*v. What is the tens digit of s?
4
Let t = -10750 - -15448. What is the thousands digit of t?
4
Let o(n) = 86*n**2 + 58*n + 367. What is the units digit of o(-6)?
5
Let q be (-140)/(-6)*7380/75. Suppose 0 = 17*v - 5218 - q. What is the tens digit of v?
4
Let p be (-6)/33 - 30/(-165). Suppose 5*o - 4*s - 1005 = -p*o, -2*s = 2*o - 402. What is the hundreds digit of o?
2
Let q = -271 - -314. Suppose -2*l + q = -1481. What is the tens digit of l?
6
Let y(x) = x**3 - 3*x**2 + 4*x + 130. Let d(w) = w**2 - w. Let i(m) = -2*d(m) - y(m). Let f be i(0). What is the units digit of (f*(-4)/(-24))/((-1)/6)?
0
What is the thousands digit of 7 + ((-42)/(-6) - -9785)?
9
Suppose -3003 - 6681 = -9*w. Suppose 5*u - 1214 - w = 0. What is the hundreds digit of u?
4
Let k(b) = 10589*b + 83. What is the hundreds digit of k(3)?
8
Let u(f) be the third derivative of 17*f**4/2 + 5*f**2. Let l be u(1). Suppose -40*w + l = -36*w. What is the tens digit of w?
5
Let n be ((-32)/6)/(2852/714 - 4). Suppose 5*k + 2450 = 5*w - 0*k, 2*w - n = -5*k. What is the units digit of w?
6
Let x(k) = -k**3 - 10*k**2 + 3. Let d = 4 - 2. Suppose -22 = -0*y + d*y. What is the tens digit of x(y)?
2
Suppose 5 = -16*u + 11*u. Let m be ((-7)/(-14))/(u/(-4)). Suppose -m*g = 2*g - 64. What is the units digit of g?
6
Suppose -28*j - 109*j + 24*j + 2241468 = 0. What is the hundreds digit of j?
8
Let b(n) = -n + n**2 - 3*n**3 - 2*n**2 + 2*n**3 + 0*n**2. Let l(r) = -4*r**3 - 12*r**2 - 6*r + 2. Let g(a) = 5*b(a) - l(a). What is the units digit of g(7)?
5
Let m(q) = -7*q + 107. Let i be m(-15). Let w = i + 290. What is the tens digit of w?
0
Let w = -123 + 113. Let p(m) = m + 5. Let h be p(-9). What is the tens digit of (-15)/w - 234/h?
6
Suppose -2*x + 52 = -0*x + q, 2*q = x - 21. Suppose 6*o - x = o. Suppose o*b - 253 = 237. What is the tens digit of b?
9
Let g = -71198 + 155125. What is the units digit of g?
7
Let y(c) = c**2 + 25*c + 41. Let d be y(-22). What is the units digit of (-5)/(d/2)*(-1490)/(-4)?
9
Let u(b) = 319*b**2 - 125*b - 96. What is the tens digit of u(13)?
9
Let n(x) = x**2 - 15*x - 14. Let o be n(16). Let f be (o - 3)/((-3)/6). What is the units digit of (f/(-2))/(10/(-30))?
3
Suppose 295*h - 222768 = 269*h. What is the units digit of h?
8
What is the units digit of (-2 - 0)/((338/(-59085))/13)?
5
Let x(d) = -d**2 + 9*d - 14. Let k be x(4). Suppose s - k = 7*s. What is the tens digit of (12/(-3) - s)/(3/(-74))?
7
Suppose 30 = 4*q + 5*s - 6, -12 = q - 4*s. Suppose 2*y - 4*v - 114 = 0, -8*v + 192 = q*y - 4*v. What is the units digit of y?
1
Let c = 330 - 328. Suppose i + 654 = k, -4*k + c*i + 2622 = 4*i. What is the units digit of k?
5
Let v = -203 - -135. Suppose 5*d - 143 = -2*m, 79 = 2*m - m + d. Let l = m + v. What is the tens digit of l?
1
Let o(d) = -127*d - 1070. What is the hundreds digit of o(-45)?
6
Suppose 15*j = 10*j - 50. What is the tens digit of (-9)/(j + -8)*(802 - 0)?
0
Suppose -u - 25*o + 20*o - 9 = 0, -4*u - 5*o = -9. What is the tens digit of 3/((-56142)/(-9354) - u)?
5
Suppose 70*d - 19512 = 64*d. Let q = d + -1487. What is the tens digit of q?
6
Let t = -22529 - -58109. What is the hundreds digit of t?
5
Let a(l) = 14*l - 9*l + 188 + 6*l + 18*l. What is the units digit of a(15)?
3
What is the tens digit of ((-7434)/10)/(21/(-350))?
9
Suppose 0 = 42*z + 100 - 16. What is the units digit of 737 + 7 + -6 + z/(-1)?
0
Let t = 2944 + -1160. What is the tens digit of t?
8
Let n(u) = u**2 + 8*u + 38. Let m(z) = -2 + 0*z + 13*z**2 + z**3 - 8*z + 9*z. Let i be m(-13). What is the tens digit of n(i)?
4
Let n(o) = -o**2 - 42*o + 1061. What is the hundreds digit of n(-39)?
1
Let o = 5823 - 2298. What is the hundreds digit of o?
5
Let p(a) = -5033*a + 3399. What is the tens digit of p(-3)?
9
Let j = -34149 + 58927. What is the thousands digit of j?
4
Let k(u) = 14*u**2 + 15*u - 51. What is the tens digit of k(-21)?
0
Let w = 16127 + -15097. What is the hundreds digit of w?
0
Let z(k) = 6*k**2 + 49*k + 551. What is the units digit of z(-27)?
2
Let o be (-56)/(-26) + 8/(-52). Suppose 0 = o*u + 4*p - 1774 - 5958, -5*u - 5*p + 19325 = 0. What is the tens digit of 2/4 - u/(-16)?
4
Let z = 434 - 425. What is the hundreds digit of 3490/z + (-18)/(-81)?
3
Suppose 0 = 38*z - 30*z + 856. Let w be -10*2 + 6/(-6). Let x = w - z. What is the units digit of x?
6
Suppose -15*r + 18*r = 0, -5*h - 4*r + 60 = 0. Let v(y) = y**3 - 10*y**2 - 2*y + 5. What is the hundreds digit of v(h)?
2
Let k(f) = -f**3 - 9*f**2 + 5*f + 6. Let l be k(-4). Let s be l/((-4)/4 + 3) - 2. Let z = 150 + s. What is the hundreds digit of z?
1
Let y(o) = 0 - 1 + 6 - 5*o - 4. Let m(s) = s**3 - 4*s**2 - 4*s - 10. Let l be m(5). What is the tens digit of y(l)?
2
Suppose -3*s - 28 - 63 = -4*u, -u + 23 = -s. Suppose -z = 17 - 19, 3*z + u = -g. What is the hundreds digit of -14*116*2/g?
1
Let h be (-1)/8 - (-1563333)/552. Let n = -1660 + h. What is the tens digit of n?
7
Let s = -64823 - -91975. What is the ten thousands digit of s?
2
Let x = -2 - 3. Let r(a) = a**2 - 19*a + 19. Let k be r(17). What is the tens digit of 212/(-2)*(-5)/(x - k)?
5
Suppose -90*m - 5260 = -42340. What is the hundreds digit of m?
4
Let a(h) = -265*h**2 - 29*h - 2. Let r(u) = -132*u**2 - 15*u - 2. Let c(m) = -6*a(m) + 11*r(m). What is the hundreds digit of c(3)?
2
What is the units digit of -6957*(2/(-6))/((-4)/(-12))?
7
Suppose -q = -1271 - 4007. Let b = q - 2670. Suppose -b + 178 = -9*m. What is the units digit of m?
0
Let k = 21312 - -15919. What is the units digit of k?
1
Let u(w) = 14*w**2 - 82*w + 224. Let p(v) = -5*v**2 + 28*v - 74. Let k(o) = 11*p(o) + 4*u(o). What is the units digit of k(19)?
3
Let f(d) = 4*d**3 - 12*d**2 + 19*d + 26. Let v be (19/2 - -1)*(-16)/(-24). What is the tens digit of f(v)?
4
What is the hundreds digit of 106/(-34) - -3 - (-3)/((-459)/(-1161288))?
5
Let x be (3 + (-3)/(-9))*18/15. Let z(n) = 7*n**2 + 48*n - 3. What is the units digit of z(x)?
1
Suppose -5*c = 5*m + 25, 5*m - 13 = 3*c + 2. Suppose 16*h - 21*h + 280 = m. Let z = h - -87. What is the tens digit of z?
4
Suppose 0 = -n + z + 6, -5*n + 3*z = 3 - 43.